{"id":117,"date":"2016-05-27T14:29:58","date_gmt":"2016-05-27T14:29:58","guid":{"rendered":"http:\/\/templattio.com\/electriwp\/?page_id=117"},"modified":"2024-11-18T09:13:13","modified_gmt":"2024-11-18T08:13:13","slug":"contact-electricien-strasbourg","status":"publish","type":"page","link":"https:\/\/www.electricien-strasbourg.eu\/index.php\/contact-electricien-strasbourg\/","title":{"rendered":"Contact \u00e9lectricien strasbourg"},"content":{"rendered":"<p>[vc_row full_width=\u00a0\u00bbstretch_row\u00a0\u00bb css=\u00a0\u00bb.vc_custom_1464359438807{background-color: #f5f4f4 !important;}\u00a0\u00bb][vc_column width=\u00a0\u00bb1\/3&Prime;][vc_empty_space height=\u00a0\u00bb40px\u00a0\u00bb][tt_rp_title_shortcode title=\u00a0\u00bbInfo contact\u00a0\u00bb show_sp=\u00a0\u00bbyes\u00a0\u00bb][vc_empty_space height=\u00a0\u00bb10px\u00a0\u00bb][tt_rp_contact_shortcode type_icon=\u00a0\u00bbfa fa-phone\u00a0\u00bb]PASCAL MANGEANT<br \/>\n06 05 47 13 01[\/tt_rp_contact_shortcode][vc_empty_space height=\u00a0\u00bb50px\u00a0\u00bb][tt_rp_contact_shortcode type_icon=\u00a0\u00bbfa fa-map-marker\u00a0\u00bb]1 SQUARE D&rsquo;OSLO<br \/>\n67610 LA WANTZENAU[\/tt_rp_contact_shortcode][vc_empty_space height=\u00a0\u00bb50px\u00a0\u00bb][tt_rp_contact_shortcode type_icon=\u00a0\u00bbfa fa-envelope-o\u00a0\u00bb]pascal@electricien-strasbourg.eu<br \/>\npascal.mangeant@gmail.com[\/tt_rp_contact_shortcode][vc_empty_space height=\u00a0\u00bb50px\u00a0\u00bb][tt_rp_contact_shortcode type_icon=\u00a0\u00bbfa fa-info-circle\u00a0\u00bb]SIREN 390 831 741<br \/>\nSIRET 39083174100025[\/tt_rp_contact_shortcode][tt_rp_hours_shortcode][\/tt_rp_hours_shortcode][\/vc_column][vc_column width=\u00a0\u00bb2\/3&Prime;][vc_empty_space height=\u00a0\u00bb40px\u00a0\u00bb][tt_rp_title_shortcode title=\u00a0\u00bbEnvoyez moi un message :\u00a0\u00bb show_sp=\u00a0\u00bbyes\u00a0\u00bb][vc_empty_space height=\u00a0\u00bb10px\u00a0\u00bb][vc_column_text]Envoyez moi un message \u00e0 l&rsquo;aide du formulaire ci-dessous. Si vous d\u00e9sirez gagner en rapidit\u00e9, il est pr\u00e9f\u00e9rable de m&rsquo;appeler directement pour \u00e9changer de vive voix ![\/vc_column_text]<div role=\"form\" class=\"wpcf7\" id=\"wpcf7-f122-o1\" lang=\"en-US\" dir=\"ltr\">\n<div class=\"screen-reader-response\"><p role=\"status\" aria-live=\"polite\" aria-atomic=\"true\"><\/p> <ul><\/ul><\/div>\n<form action=\"\/index.php\/wp-json\/wp\/v2\/pages\/117#wpcf7-f122-o1\" method=\"post\" class=\"wpcf7-form init\" novalidate=\"novalidate\" data-status=\"init\">\n<div style=\"display: none;\">\n<input type=\"hidden\" name=\"_wpcf7\" value=\"122\" \/>\n<input type=\"hidden\" name=\"_wpcf7_version\" value=\"5.5.6.1\" \/>\n<input type=\"hidden\" name=\"_wpcf7_locale\" value=\"en_US\" \/>\n<input type=\"hidden\" name=\"_wpcf7_unit_tag\" value=\"wpcf7-f122-o1\" \/>\n<input type=\"hidden\" name=\"_wpcf7_container_post\" value=\"0\" \/>\n<input type=\"hidden\" name=\"_wpcf7_posted_data_hash\" value=\"\" \/>\n<\/div>\n<div class=\"tt-white-wrapper type-2\">\n<div class=\"tt-request-form\">\n<div class=\"row\">\n<div class=\"col-sm-6\">\n<h5 class=\"c-input-label\">Votre nom<\/h5>\n<p><span class=\"wpcf7-form-control-wrap your-name\"><input type=\"text\" name=\"your-name\" value=\"\" size=\"40\" class=\"wpcf7-form-control wpcf7-text wpcf7-validates-as-required c-input size-2 color-2\" aria-required=\"true\" aria-invalid=\"false\" \/><\/span>\n                                        <\/p><\/div>\n<div class=\"col-sm-6\">\n<h5 class=\"c-input-label\">Votre Email<\/h5>\n<p><span class=\"wpcf7-form-control-wrap your-email\"><input type=\"email\" name=\"your-email\" value=\"\" size=\"40\" class=\"wpcf7-form-control wpcf7-text wpcf7-email wpcf7-validates-as-required wpcf7-validates-as-email c-input size-2 color-2\" aria-required=\"true\" aria-invalid=\"false\" \/><\/span>\n                                        <\/p><\/div>\n<\/div>\n<h5 class=\"c-input-label\">Sujet<\/h5>\n<p><span class=\"wpcf7-form-control-wrap your-subject\"><input type=\"text\" name=\"your-subject\" value=\"\" size=\"40\" class=\"wpcf7-form-control wpcf7-text wpcf7-validates-as-required c-input size-2 color-2\" aria-required=\"true\" aria-invalid=\"false\" \/><\/span><\/p>\n<h5 class=\"c-input-label\">Plus de d\u00e9tails ?<\/h5>\n<p><span class=\"wpcf7-form-control-wrap your-message\"><textarea name=\"your-message\" cols=\"40\" rows=\"10\" class=\"wpcf7-form-control wpcf7-textarea c-area size-2 color-2\" aria-invalid=\"false\"><\/textarea><\/span><\/p>\n<p><span class=\"wpcf7-form-control-wrap kc_captcha\"><span class=\"wpcf7-form-control wpcf7-radio\"> \r\n    <span class=\"captcha-image\" >\r\n        <span class=\"cf7ic_instructions\">Veuillez prouver que vous \u00eates humain en s\u00e9lectionnant <span> Cl\u00e9<\/span>.<\/span><label><input type=\"radio\" name=\"kc_captcha\" value=\"bot\" \/><svg width=\"50\" height=\"50\" aria-hidden=\"true\" role=\"img\" xmlns=\"https:\/\/www.w3.org\/2000\/svg\" viewBox=\"0 0 512 512\"><path fill=\"currentColor\" d=\"M350 99c-54 0-98-35-166-35-25 0-47 4-68 12a56 56 0 004-24C118 24 95 1 66 0a56 56 0 00-34 102v386c0 13 11 24 24 24h16c13 0 24-11 24-24v-94c28-12 64-23 114-23 54 0 98 35 166 35 48 0 86-16 122-41 9-6 14-15 14-26V96c0-23-24-39-45-29-35 16-77 32-117 32z\"\/><\/svg><\/label><label><input type=\"radio\" name=\"kc_captcha\" value=\"kc_human\" \/><svg width=\"50\" height=\"50\" aria-hidden=\"true\" role=\"img\" xmlns=\"https:\/\/www.w3.org\/2000\/svg\" viewBox=\"0 0 512 512\"><path fill=\"currentColor\" d=\"M512 176a176 176 0 01-209 173l-24 27a24 24 0 01-18 8h-37v40c0 13-11 24-24 24h-40v40c0 13-11 24-24 24H24c-13 0-24-11-24-24v-78c0-6 3-13 7-17l162-162a176 176 0 11343-55zm-176-48a48 48 0 1096 0 48 48 0 00-96 0z\"\/><\/svg><\/label><label><input type=\"radio\" name=\"kc_captcha\" value=\"bot\" \/><svg width=\"50\" height=\"50\" aria-hidden=\"true\" role=\"img\" xmlns=\"https:\/\/www.w3.org\/2000\/svg\" viewBox=\"0 0 576 512\"><path fill=\"currentColor\" d=\"M472 200H360L256 6a12 12 0 00-10-6h-58c-8 0-14 7-12 15l34 185H100l-35-58a12 12 0 00-10-6H12c-8 0-13 7-12 14l21 106L0 362c-1 7 4 14 12 14h43c4 0 8-2 10-6l35-58h110l-34 185c-2 8 4 15 12 15h58a12 12 0 0010-6l104-194h112c57 0 104-25 104-56s-47-56-104-56z\"\/><\/svg><\/label>\r\n    <\/span>\r\n    <span style=\"display:none\">\r\n        <input type=\"text\" name=\"kc_honeypot\">\r\n    <\/span><\/span><\/span><\/p>\n<div class=\"c-btn type-1 size-2 font-2 color-4\">\n<p><input type=\"submit\" value=\"Envoyer\" class=\"wpcf7-form-control has-spinner wpcf7-submit\" \/>\n                                    <\/p><\/div>\n<\/div>\n<\/div>\n<p style=\"display: none !important;\"><label>&#916;<textarea name=\"_wpcf7_ak_hp_textarea\" cols=\"45\" rows=\"8\" maxlength=\"100\"><\/textarea><\/label><input type=\"hidden\" id=\"ak_js_1\" name=\"_wpcf7_ak_js\" value=\"173\"\/><script>document.getElementById( \"ak_js_1\" ).setAttribute( \"value\", ( new Date() ).getTime() );<\/script><\/p><div class=\"wpcf7-response-output\" aria-hidden=\"true\"><\/div><\/form><\/div>[\/vc_column][\/vc_row][vc_row full_width=\u00a0\u00bbstretch_row\u00a0\u00bb css=\u00a0\u00bb.vc_custom_1464360311639{background-color: #f5f4f4 !important;}\u00a0\u00bb][vc_column][vc_empty_space height=\u00a0\u00bb75px\u00a0\u00bb][tt_rp_info_shortcode block_type=\u00a0\u00bbtype_2&Prime; image=\u00a0\u00bb540&Prime; title=\u00a0\u00bbD\u00e9pannage \u00e9lectrique\u00a0\u00bb text=\u00a0\u00bbJe me d\u00e9place chez vous pour un diagnostic et une r\u00e9paration \u00e0 un tarif adapt\u00e9.\u00a0\u00bb phone=\u00a0\u00bb06 05 47 13 01&Prime; btn_text=\u00a0\u00bbContact email\u00a0\u00bb link=\u00a0\u00bbhttp:\/\/www.electricien-strasbourg.eu\/index.php\/contact-electricien-strasbourg\/\u00a0\u00bb][\/vc_column][\/vc_row]<\/p>\n","protected":false},"excerpt":{"rendered":"<p>[vc_row full_width=\u00a0\u00bbstretch_row\u00a0\u00bb css=\u00a0\u00bb.vc_custom_1464359438807{background-color: #f5f4f4 !important;}\u00a0\u00bb][vc_column width=\u00a0\u00bb1\/3&Prime;][vc_empty_space height=\u00a0\u00bb40px\u00a0\u00bb][tt_rp_title_shortcode title=\u00a0\u00bbInfo contact\u00a0\u00bb show_sp=\u00a0\u00bbyes\u00a0\u00bb][vc_empty_space height=\u00a0\u00bb10px\u00a0\u00bb][tt_rp_contact_shortcode type_icon=\u00a0\u00bbfa fa-phone\u00a0\u00bb]PASCAL MANGEANT 06 05 47 13 01[\/tt_rp_contact_shortcode][vc_empty_space height=\u00a0\u00bb50px\u00a0\u00bb][tt_rp_contact_shortcode type_icon=\u00a0\u00bbfa fa-map-marker\u00a0\u00bb]1 SQUARE D&rsquo;OSLO 67610 LA WANTZENAU[\/tt_rp_contact_shortcode][vc_empty_space height=\u00a0\u00bb50px\u00a0\u00bb][tt_rp_contact_shortcode type_icon=\u00a0\u00bbfa fa-envelope-o\u00a0\u00bb]pascal@electricien-strasbourg.eu pascal.mangeant@gmail.com[\/tt_rp_contact_shortcode][vc_empty_space height=\u00a0\u00bb50px\u00a0\u00bb][tt_rp_contact_shortcode type_icon=\u00a0\u00bbfa fa-info-circle\u00a0\u00bb]SIREN 390 831 741 SIRET 39083174100025[\/tt_rp_contact_shortcode][tt_rp_hours_shortcode][\/tt_rp_hours_shortcode][\/vc_column][vc_column width=\u00a0\u00bb2\/3&Prime;][vc_empty_space height=\u00a0\u00bb40px\u00a0\u00bb][tt_rp_title_shortcode title=\u00a0\u00bbEnvoyez moi un message :\u00a0\u00bb show_sp=\u00a0\u00bbyes\u00a0\u00bb][vc_empty_space height=\u00a0\u00bb10px\u00a0\u00bb][vc_column_text]Envoyez moi un message \u00e0 l&rsquo;aide du formulaire [&hellip;]<\/p>\n","protected":false},"author":1,"featured_media":0,"parent":0,"menu_order":0,"comment_status":"closed","ping_status":"closed","template":"","meta":[],"yoast_head":"<!-- This site is optimized with the Yoast SEO plugin v19.0 - https:\/\/yoast.com\/wordpress\/plugins\/seo\/ -->\n<title>Contact \u00e9lectricien strasbourg - \u00c9lectricien Strasbourg Pascal Mangeant<\/title>\n<meta name=\"robots\" content=\"index, follow, max-snippet:-1, max-image-preview:large, max-video-preview:-1\" \/>\n<link rel=\"canonical\" href=\"https:\/\/www.electricien-strasbourg.eu\/index.php\/contact-electricien-strasbourg\/\" \/>\n<meta property=\"og:locale\" content=\"fr_FR\" \/>\n<meta property=\"og:type\" content=\"article\" \/>\n<meta property=\"og:title\" content=\"Contact \u00e9lectricien strasbourg - \u00c9lectricien Strasbourg Pascal Mangeant\" \/>\n<meta property=\"og:description\" content=\"[vc_row full_width=\u00a0\u00bbstretch_row\u00a0\u00bb css=\u00a0\u00bb.vc_custom_1464359438807{background-color: #f5f4f4 !important;}\u00a0\u00bb][vc_column width=\u00a0\u00bb1\/3&Prime;][vc_empty_space height=\u00a0\u00bb40px\u00a0\u00bb][tt_rp_title_shortcode title=\u00a0\u00bbInfo contact\u00a0\u00bb show_sp=\u00a0\u00bbyes\u00a0\u00bb][vc_empty_space height=\u00a0\u00bb10px\u00a0\u00bb][tt_rp_contact_shortcode type_icon=\u00a0\u00bbfa fa-phone\u00a0\u00bb]PASCAL MANGEANT 06 05 47 13 01[\/tt_rp_contact_shortcode][vc_empty_space height=\u00a0\u00bb50px\u00a0\u00bb][tt_rp_contact_shortcode type_icon=\u00a0\u00bbfa fa-map-marker\u00a0\u00bb]1 SQUARE D&rsquo;OSLO 67610 LA WANTZENAU[\/tt_rp_contact_shortcode][vc_empty_space height=\u00a0\u00bb50px\u00a0\u00bb][tt_rp_contact_shortcode type_icon=\u00a0\u00bbfa fa-envelope-o\u00a0\u00bb]pascal@electricien-strasbourg.eu pascal.mangeant@gmail.com[\/tt_rp_contact_shortcode][vc_empty_space height=\u00a0\u00bb50px\u00a0\u00bb][tt_rp_contact_shortcode type_icon=\u00a0\u00bbfa fa-info-circle\u00a0\u00bb]SIREN 390 831 741 SIRET 39083174100025[\/tt_rp_contact_shortcode][tt_rp_hours_shortcode][\/tt_rp_hours_shortcode][\/vc_column][vc_column width=\u00a0\u00bb2\/3&Prime;][vc_empty_space height=\u00a0\u00bb40px\u00a0\u00bb][tt_rp_title_shortcode title=\u00a0\u00bbEnvoyez moi un message :\u00a0\u00bb show_sp=\u00a0\u00bbyes\u00a0\u00bb][vc_empty_space height=\u00a0\u00bb10px\u00a0\u00bb][vc_column_text]Envoyez moi un message \u00e0 l&rsquo;aide du formulaire [&hellip;]\" \/>\n<meta property=\"og:url\" content=\"https:\/\/www.electricien-strasbourg.eu\/index.php\/contact-electricien-strasbourg\/\" \/>\n<meta property=\"og:site_name\" content=\"\u00c9lectricien Strasbourg Pascal Mangeant\" \/>\n<meta property=\"article:modified_time\" content=\"2024-11-18T08:13:13+00:00\" \/>\n<meta name=\"twitter:card\" content=\"summary_large_image\" \/>\n<meta name=\"twitter:label1\" content=\"Dur\u00e9e de lecture estim\u00e9e\" \/>\n\t<meta name=\"twitter:data1\" content=\"1 minute\" \/>\n<script type=\"application\/ld+json\" class=\"yoast-schema-graph\">{\"@context\":\"https:\/\/schema.org\",\"@graph\":[{\"@type\":\"WebSite\",\"@id\":\"https:\/\/www.electricien-strasbourg.eu\/#website\",\"url\":\"https:\/\/www.electricien-strasbourg.eu\/\",\"name\":\"\u00c9lectricien Strasbourg Pascal Mangeant\",\"description\":\"Electricien professionnel dipl\u00f4m\u00e9 Strasbourg et r\u00e9gion de Strasbourg\",\"potentialAction\":[{\"@type\":\"SearchAction\",\"target\":{\"@type\":\"EntryPoint\",\"urlTemplate\":\"https:\/\/www.electricien-strasbourg.eu\/?s={search_term_string}\"},\"query-input\":\"required name=search_term_string\"}],\"inLanguage\":\"fr-FR\"},{\"@type\":\"WebPage\",\"@id\":\"https:\/\/www.electricien-strasbourg.eu\/index.php\/contact-electricien-strasbourg\/#webpage\",\"url\":\"https:\/\/www.electricien-strasbourg.eu\/index.php\/contact-electricien-strasbourg\/\",\"name\":\"Contact \u00e9lectricien strasbourg - \u00c9lectricien Strasbourg Pascal Mangeant\",\"isPartOf\":{\"@id\":\"https:\/\/www.electricien-strasbourg.eu\/#website\"},\"datePublished\":\"2016-05-27T14:29:58+00:00\",\"dateModified\":\"2024-11-18T08:13:13+00:00\",\"breadcrumb\":{\"@id\":\"https:\/\/www.electricien-strasbourg.eu\/index.php\/contact-electricien-strasbourg\/#breadcrumb\"},\"inLanguage\":\"fr-FR\",\"potentialAction\":[{\"@type\":\"ReadAction\",\"target\":[\"https:\/\/www.electricien-strasbourg.eu\/index.php\/contact-electricien-strasbourg\/\"]}]},{\"@type\":\"BreadcrumbList\",\"@id\":\"https:\/\/www.electricien-strasbourg.eu\/index.php\/contact-electricien-strasbourg\/#breadcrumb\",\"itemListElement\":[{\"@type\":\"ListItem\",\"position\":1,\"name\":\"Accueil\",\"item\":\"https:\/\/www.electricien-strasbourg.eu\/\"},{\"@type\":\"ListItem\",\"position\":2,\"name\":\"Contact \u00e9lectricien strasbourg\"}]}]}<\/script>\n<!-- \/ Yoast SEO plugin. -->","yoast_head_json":{"title":"Contact \u00e9lectricien strasbourg - \u00c9lectricien Strasbourg Pascal Mangeant","robots":{"index":"index","follow":"follow","max-snippet":"max-snippet:-1","max-image-preview":"max-image-preview:large","max-video-preview":"max-video-preview:-1"},"canonical":"https:\/\/www.electricien-strasbourg.eu\/index.php\/contact-electricien-strasbourg\/","og_locale":"fr_FR","og_type":"article","og_title":"Contact \u00e9lectricien strasbourg - \u00c9lectricien Strasbourg Pascal Mangeant","og_description":"[vc_row full_width=\u00a0\u00bbstretch_row\u00a0\u00bb css=\u00a0\u00bb.vc_custom_1464359438807{background-color: #f5f4f4 !important;}\u00a0\u00bb][vc_column width=\u00a0\u00bb1\/3&Prime;][vc_empty_space height=\u00a0\u00bb40px\u00a0\u00bb][tt_rp_title_shortcode title=\u00a0\u00bbInfo contact\u00a0\u00bb show_sp=\u00a0\u00bbyes\u00a0\u00bb][vc_empty_space height=\u00a0\u00bb10px\u00a0\u00bb][tt_rp_contact_shortcode type_icon=\u00a0\u00bbfa fa-phone\u00a0\u00bb]PASCAL MANGEANT 06 05 47 13 01[\/tt_rp_contact_shortcode][vc_empty_space height=\u00a0\u00bb50px\u00a0\u00bb][tt_rp_contact_shortcode type_icon=\u00a0\u00bbfa fa-map-marker\u00a0\u00bb]1 SQUARE D&rsquo;OSLO 67610 LA WANTZENAU[\/tt_rp_contact_shortcode][vc_empty_space height=\u00a0\u00bb50px\u00a0\u00bb][tt_rp_contact_shortcode type_icon=\u00a0\u00bbfa fa-envelope-o\u00a0\u00bb]pascal@electricien-strasbourg.eu pascal.mangeant@gmail.com[\/tt_rp_contact_shortcode][vc_empty_space height=\u00a0\u00bb50px\u00a0\u00bb][tt_rp_contact_shortcode type_icon=\u00a0\u00bbfa fa-info-circle\u00a0\u00bb]SIREN 390 831 741 SIRET 39083174100025[\/tt_rp_contact_shortcode][tt_rp_hours_shortcode][\/tt_rp_hours_shortcode][\/vc_column][vc_column width=\u00a0\u00bb2\/3&Prime;][vc_empty_space height=\u00a0\u00bb40px\u00a0\u00bb][tt_rp_title_shortcode title=\u00a0\u00bbEnvoyez moi un message :\u00a0\u00bb show_sp=\u00a0\u00bbyes\u00a0\u00bb][vc_empty_space height=\u00a0\u00bb10px\u00a0\u00bb][vc_column_text]Envoyez moi un message \u00e0 l&rsquo;aide du formulaire [&hellip;]","og_url":"https:\/\/www.electricien-strasbourg.eu\/index.php\/contact-electricien-strasbourg\/","og_site_name":"\u00c9lectricien Strasbourg Pascal Mangeant","article_modified_time":"2024-11-18T08:13:13+00:00","twitter_card":"summary_large_image","twitter_misc":{"Dur\u00e9e de lecture estim\u00e9e":"1 minute"},"schema":{"@context":"https:\/\/schema.org","@graph":[{"@type":"WebSite","@id":"https:\/\/www.electricien-strasbourg.eu\/#website","url":"https:\/\/www.electricien-strasbourg.eu\/","name":"\u00c9lectricien Strasbourg Pascal Mangeant","description":"Electricien professionnel dipl\u00f4m\u00e9 Strasbourg et r\u00e9gion de Strasbourg","potentialAction":[{"@type":"SearchAction","target":{"@type":"EntryPoint","urlTemplate":"https:\/\/www.electricien-strasbourg.eu\/?s={search_term_string}"},"query-input":"required name=search_term_string"}],"inLanguage":"fr-FR"},{"@type":"WebPage","@id":"https:\/\/www.electricien-strasbourg.eu\/index.php\/contact-electricien-strasbourg\/#webpage","url":"https:\/\/www.electricien-strasbourg.eu\/index.php\/contact-electricien-strasbourg\/","name":"Contact \u00e9lectricien strasbourg - \u00c9lectricien Strasbourg Pascal Mangeant","isPartOf":{"@id":"https:\/\/www.electricien-strasbourg.eu\/#website"},"datePublished":"2016-05-27T14:29:58+00:00","dateModified":"2024-11-18T08:13:13+00:00","breadcrumb":{"@id":"https:\/\/www.electricien-strasbourg.eu\/index.php\/contact-electricien-strasbourg\/#breadcrumb"},"inLanguage":"fr-FR","potentialAction":[{"@type":"ReadAction","target":["https:\/\/www.electricien-strasbourg.eu\/index.php\/contact-electricien-strasbourg\/"]}]},{"@type":"BreadcrumbList","@id":"https:\/\/www.electricien-strasbourg.eu\/index.php\/contact-electricien-strasbourg\/#breadcrumb","itemListElement":[{"@type":"ListItem","position":1,"name":"Accueil","item":"https:\/\/www.electricien-strasbourg.eu\/"},{"@type":"ListItem","position":2,"name":"Contact \u00e9lectricien strasbourg"}]}]}},"_links":{"self":[{"href":"https:\/\/www.electricien-strasbourg.eu\/index.php\/wp-json\/wp\/v2\/pages\/117"}],"collection":[{"href":"https:\/\/www.electricien-strasbourg.eu\/index.php\/wp-json\/wp\/v2\/pages"}],"about":[{"href":"https:\/\/www.electricien-strasbourg.eu\/index.php\/wp-json\/wp\/v2\/types\/page"}],"author":[{"embeddable":true,"href":"https:\/\/www.electricien-strasbourg.eu\/index.php\/wp-json\/wp\/v2\/users\/1"}],"replies":[{"embeddable":true,"href":"https:\/\/www.electricien-strasbourg.eu\/index.php\/wp-json\/wp\/v2\/comments?post=117"}],"version-history":[{"count":30,"href":"https:\/\/www.electricien-strasbourg.eu\/index.php\/wp-json\/wp\/v2\/pages\/117\/revisions"}],"predecessor-version":[{"id":740,"href":"https:\/\/www.electricien-strasbourg.eu\/index.php\/wp-json\/wp\/v2\/pages\/117\/revisions\/740"}],"wp:attachment":[{"href":"https:\/\/www.electricien-strasbourg.eu\/index.php\/wp-json\/wp\/v2\/media?parent=117"}],"curies":[{"name":"wp","href":"https:\/\/api.w.org\/{rel}","templated":true}]}}